divided by c.
22
Suppose 0 = x - a - 126 + 120, -3*x + 4*a = -14. Calculate the remainder when 508 is divided by x.
8
Let y(u) = -2*u**3 - 6*u**2 + 3*u + 6. Let z = 8218 + -8199. Calculate the remainder when y(-7) is divided by z.
16
Suppose 0 = -i - 5*s + 504, -7*s = -5*i + 8*s + 2560. What is the remainder when i is divided by 9?
5
Let a(k) = k - 9. Let w be a(7). What is the remainder when 96/(-36)*33/(-4) is divided by 0 + -1 + w + (10 - -3)?
2
Suppose -46*a = -3507 + 333. Calculate the remainder when -3*(-9)/27*a is divided by 42.
27
Suppose 3*y - 43 - 14 = 0. Suppose 92*b + 2760 = 102*b. Suppose 4*n = -4*q + 504, 6*q - b = 4*q + 4*n. Calculate the remainder when q is divided by y.
16
Suppose -k - 486 = 8*z - 7*z, 0 = 4*k - 2*z + 1944. What is the remainder when ((-2)/2)/((-5344)/k + -11) is divided by 62?
57
Let g be 1 + 28/10 - 15/(-75). Calculate the remainder when 8/(-1) + g + 232 is divided by 29.
25
Calculate the remainder when 2769 is divided by (-158)/(-14) + 4/(-14) - (1303 - 1309).
15
Let i = 3610 + -3600. What is the remainder when i is divided by 3?
1
Calculate the remainder when 2015 is divided by (((-850)/75)/34)/(1/(-63)).
20
Let f(v) = -v + 30 - 1 + 0*v. Let z(r) = -r**3 - 4*r**2 + 32*r + 130. Let o be z(-6). Calculate the remainder when f(o) is divided by 7.
5
Let b = -2625 - -2683. What is the remainder when 159 is divided by b?
43
Let w(r) = -r**2 - 32*r - 40. Let n be w(-22). Let u = n - 142. Suppose 48 = 4*t - 32. What is the remainder when u is divided by t?
18
Suppose 11*t - 41139 = -62*t + 10*t. What is the remainder when t is divided by 42?
23
Let b(u) = -63*u - 1101. What is the remainder when 577 is divided by b(-19)?
1
Suppose -2*k - 2*t = -7*t - 12, 0 = 4*k + 5*t - 54. Calculate the remainder when (256/44 - 6) + 1575/k is divided by 72.
71
Suppose 9*f - 9077 = 2290. Suppose 11*n - 1135 = f. Calculate the remainder when n is divided by 11.
9
Suppose -369 = -8*t - 33*t. Suppose 3*n - 5 - 1 = 0. Suppose -3*l = 4*y - 139, -n*y + 2*l = -5*y + 104. What is the remainder when y is divided by t?
7
Suppose -2*p + 3*w - 4 + 17 = 0, 2*p + 3*w = 19. Suppose p*v = 7*v + 4. What is the remainder when 13 is divided by v?
1
Suppose 0 = 47*w + 12*w + 295. Calculate the remainder when 174 is divided by (41/(-9) - w)/(8/72).
2
Suppose -9*j - 7*j + 684 = -692. Calculate the remainder when 7739 is divided by j.
85
Let x = 13 + -11. Suppose -x*q + 2 + 12 = 0. Suppose 5*m = -4*j + 65, 3*j + 52 = 4*m + 6*j. Calculate the remainder when m is divided by q.
6
Suppose 380*h - 242*h + 1003 = 197*h. Calculate the remainder when 216 is divided by h.
12
Let x be 4 + 58/(-14) + 4/28. Suppose 5*i - k - 1039 = x, 5*i - 666 = -k + 365. What is the remainder when i is divided by 26?
25
Let z = 14955 - 14951. Let w(b) = 3*b**2 - 2*b - 2. Calculate the remainder when w(-3) is divided by z.
3
Suppose 9*p - 4*p - 5875 = 0. Suppose -2*d + 0*d = 4*s - 940, 5*s = -d + p. Suppose -10*b - s = -715. What is the remainder when b is divided by 18?
12
Suppose -f = 3*k - 1282, -3*k - 39*f + 1247 = -43*f. What is the remainder when k is divided by 99?
29
What is the remainder when 14080/4*(-13 - -14) is divided by 31?
17
Suppose 0 = -4*f + 3*y - 4*y - 7, -3*f = -3*y + 9. Let v = f + 16. Let q(a) = a + 27. What is the remainder when q(0) is divided by v?
13
Let j = 11208 + -11075. What is the remainder when 238 is divided by j?
105
Let l = 126 - -48. Let x = l - 159. Let p(r) = -r**3 + 7*r**2 - 7. What is the remainder when p(6) is divided by x?
14
Let h(g) = -g**2 + 78*g - 951. What is the remainder when h(58) is divided by 5?
4
Let z(x) = -3 + 6*x + 0*x + 6*x**2 + 0 - 12 + 0. What is the remainder when z(-5) is divided by 10?
5
Suppose 3*f - 171 = -2*j, -3 = -4*f - 23. Suppose 4*b + 182 = 3*t, -3*b - 32 = b. What is the remainder when j is divided by t?
43
Suppose -20 = 232*k - 234*k. Suppose 5*a - 195 = b, -a = -0*a + 3*b - 23. What is the remainder when a is divided by k?
8
Let x = -87427 + 87446. Let r = 407 + -239. Calculate the remainder when r is divided by x.
16
Let u(g) = -2*g**3 + 22*g**2 - 7*g - 100. Let y(v) = v**3 - 11*v**2 + 5*v + 50. Let p(q) = 4*u(q) + 7*y(q). What is the remainder when p(9) is divided by 9?
4
Let j(p) = -p**3 + 16*p**2 - 17*p + 12. Let a be j(15). Let g = 19 - a. What is the remainder when g is divided by 6?
1
Let q = -19 + 25. Calculate the remainder when 47 is divided by ((-119)/42 - -4)*q.
5
Let d = 33 + -28. Suppose 6 = d*u - 194. Calculate the remainder when u is divided by 24.
16
Suppose 17*o - 1434 = 1915. Calculate the remainder when o is divided by 120.
77
Let a(c) = c**3 - 69*c**2 + 14*c - 32. Calculate the remainder when a(69) is divided by 18.
16
Let l = -432 - -827. Let s = -388 + l. Calculate the remainder when 40 is divided by s.
5
Let f(p) = 24*p + 1. Suppose -3*u + 0*u + 6 = -3*n, 6 = -n + 3*u. Suppose -m - y - 2 = -30, m - 5*y - 46 = n. Calculate the remainder when f(5) is divided by m.
28
Let c(g) = 3*g**2 + 360*g + 4348. What is the remainder when c(-12) is divided by 226?
8
Let y = -6 - -20. What is the remainder when ((-25)/(-2))/((-7)/60*266/(-931)) is divided by y?
11
Suppose 291 = 3*u - 90. Suppose -5*l + 31 - 300 = -3*n, -3*n + 4*l + 265 = 0. Let q = u - n. Calculate the remainder when q is divided by 23.
21
Suppose -21*f + 24*f - 14 = 4*g, 4*f + g = 25. Suppose -5*h + 705 = -5*s, -2*h - 3*s = -6*s - 281. What is the remainder when h is divided by f?
4
Calculate the remainder when 697 is divided by (6/(-4))/(-12 + (-20739)/(-1736)).
25
Suppose 6*u - 161225 = -5*b + 2002, 0 = -3*b + 2*u + 97981. What is the remainder when b is divided by 208?
207
Let o = -6224 - -6265. Calculate the remainder when 727 is divided by o.
30
Suppose 6*v - 50 = v. Suppose 5*r - 7 = l, -113 = -5*r + 2*l - 104. What is the remainder when v is divided by r?
0
Calculate the remainder when (20 + -166)*(4/(-12))/(2/3) is divided by 1.
0
Let s(i) = -i**3 - 9*i**2 - 6*i + 10. Let k be s(-7). Let r be 3*(k/(-6) - -4). Let w = r - 33. Calculate the remainder when 10 is divided by w.
0
Suppose -4*y - y = -55. Let n(h) = -66*h + 360. Calculate the remainder when n(3) is divided by y.
8
What is the remainder when 830 is divided by 184/7 - ((-21)/((-2352)/32) + 0)?
24
Suppose -4*t - 28 + 72 = 0. Suppose 4*d = t*d - 21. What is the remainder when d is divided by 1?
0
Suppose 11 = -14*n + 4463. What is the remainder when n is divided by 163?
155
Let p = -34 - -104. Let w = -224 - -270. Calculate the remainder when p is divided by w.
24
Let q(o) = -2*o**2 + 33*o + 110. What is the remainder when 2924 is divided by q(19)?
14
Suppose -3*n = -7*r + 2*r - 32, 3*r = -n + 20. Suppose -t + 9 = w, 5*w - 15 = -4*t + 29. Calculate the remainder when -67*(-2)/w*(15 + -11) is divided by n.
11
Suppose 10 = -2*v - 3*v. Let f = -4 + v. Let y(l) = -l**3 - 7*l**2 - 6*l + 13. What is the remainder when y(f) is divided by 7?
6
Calculate the remainder when 60/4 + (18 - -1181) is divided by 11.
4
Suppose -395 = -z + 5*w, 6*z = 7*z + 3*w - 371. Calculate the remainder when z is divided by 45.
20
Suppose -2*y + 4*l = -118, 100 = -4*y - 4*l + 288. Let b = -939 + 965. Calculate the remainder when y is divided by b.
25
Suppose -2*s = -11 - 71. Let n be 17/((-221)/(-1456)) + -14 - (-3 - 1). Let p = n - s. Calculate the remainder when p is divided by 21.
19
Suppose 4 + 20 = 3*m. Suppose 4*v - m = 0, g + 0*g - 4*v = 3. Suppose -g = 4*b + 3*z - 90, -5*z = -5*b + 125. What is the remainder when b is divided by 12?
10
Let n(z) = z**2 + 187*z + 4767. What is the remainder when 2734 is divided by n(-30)?
55
Let o(i) = -i + 67. Let v be o(-17). Suppose 5*n - v = -4. What is the remainder when 2589/15 + 6/15 is divided by n?
13
Let v(g) = 38 + 4*g - 2*g - 10. Let n be v(-13). Suppose -4*a = 3*o - 48, -66 = -3*o - 2*o - n*a. Calculate the remainder when 118 is divided by o.
10
Let r = 119 - 127. Calculate the remainder when 47 is divided by (r/12 - 2)*-12.
15
Suppose 4*n - 16 = i, 4*n + 4*i = 2*n + 8. Suppose -14*t + 1540 = -n*t. What is the remainder when t is divided by 31?
30
Suppose 535 = 90*x - 725. Calculate the remainder when 5479 is divided by x.
5
Suppose -6*a - 383 = -5*j + 333, -24 = 4*a. What is the remainder when j is divided by 11?
4
What is the remainder whe